mainder when x is divided by 3.
0
Let v(o) = -o**3 - 9*o**2 + 2*o + 38. Calculate the remainder when v(-9) is divided by 18.
2
Suppose a = c + 15, -4*a + 3*c - 5 = -64. Let p(s) = s**3 - 13*s**2 - 15*s + 20. Calculate the remainder when 17 is divided by p(a).
5
Suppose 3*m = n - 20, 5*m - 1 = -11. What is the remainder when 3/2*(-92)/(-2) is divided by n?
13
Suppose f = -4*f + 110. Suppose 4*s - f - 134 = 0. Let i = -12 + s. What is the remainder when i is divided by 10?
7
Suppose 6*f + 72 = 2*m + 4*f, 2*m = -4*f + 72. Calculate the remainder when ((-2)/(-1))/(2/131) is divided by m.
23
Let d be ((-6)/(36/42))/(-1*1). Suppose 73 = 2*a - d. Calculate the remainder when 119 is divided by a.
39
Suppose 5*l = 25, 4*l - 7 - 25 = -3*h. Suppose h*s + 6 - 42 = 0. Calculate the remainder when s is divided by 2.
1
Let q(s) = -75*s - 320. Calculate the remainder when q(-6) is divided by 22.
20
Suppose 0 = 55*v - 53*v - 2*t - 42, -21 = -v + 4*t. Suppose 0 = 2*n - 10, 8*x - 307 = 5*x + n. Calculate the remainder when x is divided by v.
20
Suppose 58*l + 423 = 61*l. Suppose -3*z = -6*z + 3*r + l, z = 5*r + 63. Calculate the remainder when z is divided by 23.
20
Suppose n = -3*n + 5*k + 138, 4*n - 2*k - 132 = 0. Let x = n - 22. Calculate the remainder when 17 is divided by x.
7
Let s be 1/3 - (-8)/3. Let l be (-22)/(-6) - (-1)/s. Calculate the remainder when 179/3 - l/(-12) is divided by 21.
18
Calculate the remainder when (-567 + 1)/(-42 - -40) is divided by 19.
17
Suppose -5*b - 6*b + 550 = 0. What is the remainder when 646 is divided by b?
46
Let n(a) = a**2 - 15*a - 25. Let x(s) = 24*s + 1. What is the remainder when x(1) is divided by n(17)?
7
Calculate the remainder when 47 is divided by -7 - -5 - -9 - (-24 + 6).
22
Suppose 177 = -s + 6*s - 3*n, -5 = -5*n. Suppose 108 = 4*r + s. Calculate the remainder when 87 is divided by r.
15
Let l = 1452 + -1449. What is the remainder when 383 is divided by l?
2
What is the remainder when (-4025)/(-23) - (0 + 5 + 1) is divided by 50?
19
Suppose v - 86 = -3*w, -3*w = 5*v - 247 - 231. Calculate the remainder when v is divided by 6.
2
Let j be (290/8)/5 + (-4)/16. Let g = 9 - j. What is the remainder when 2 is divided by g?
0
Suppose -5*h - 2*f = 22, -4*f = 4*h + 6 + 14. Let c be (-54 - 3)*h/3. What is the remainder when 3/(234/c - 3) is divided by 10?
8
Suppose 2*s = 3*t - 56, -2*s - 82 = -5*t + 14. Let x(i) = i + 6. Calculate the remainder when t is divided by x(6).
8
Let c(p) = 3*p**2 - p - 1. Let v(s) = 22*s + 23. Let h be v(-3). Let f = h + 50. Calculate the remainder when c(-2) is divided by f.
6
Suppose 0 = -9*l - 33*l + 42. What is the remainder when 2 is divided by l?
0
Suppose -t + 30 = 4*t + 3*s, -10 = -2*s. Suppose 0*c = -t*c - 12. Let u = 11 + c. Calculate the remainder when 13 is divided by u.
6
Suppose -190 = -3*v - 13. Let y be (8 - 2)*9/27. Suppose 34 = 2*o - y*a, -3*o = 2*o + a - 73. Calculate the remainder when v is divided by o.
14
Let y(a) be the first derivative of 2*a**3/3 + 3*a**2/2 + 3*a - 4. Let r(f) = -f. Let q be r(2). What is the remainder when y(q) is divided by 2?
1
Let i(r) = -5*r + 44. What is the remainder when 226 is divided by i(5)?
17
Let l = -68 - -94. What is the remainder when 64 is divided by l?
12
Let o(h) = -h - 1. Let k be o(-10). Let z = k - -3. Calculate the remainder when 96 is divided by 2189/66 - 2/z.
30
Suppose h = n + 12, -2*h + 44 = -0*h + 3*n. Calculate the remainder when h is divided by 8.
0
Let j = 38 + -17. Suppose 0 = 2*s - j - 5. What is the remainder when 63 is divided by s?
11
Suppose -156 = -8*c - 44. Let l(a) = -a**3 + 7*a**2 + 10*a - 5. Let i be l(8). Suppose -i + 1 = -2*m. Calculate the remainder when c is divided by m.
4
Suppose d + 33 = 2*d + f, -2*d = -f - 57. Calculate the remainder when 268 is divided by d.
28
Let q be (-18)/(-81) - (-4858)/9. Suppose 0 = i + 3*i - q. Calculate the remainder when i is divided by 23.
20
Suppose -5*d - 301 = -3*q, 3*q - 271 = -2*d + d. Suppose 3*x - 4*j - q - 91 = 0, -j + 3 = 0. Calculate the remainder when x is divided by 34.
31
Suppose -3*q + 5*a + 33 = 0, 11*q - 2*a - 121 = -a. Calculate the remainder when q is divided by 2/(-4) + 39/6.
5
Let z(g) = g**3 + 6*g**2 - 3*g - 14. Let c be z(-6). Let x be (-8)/(-6) + c/6. What is the remainder when 36 is divided by ((-14)/56)/(x/(-152))?
17
Suppose -2*j + 21 - 13 = 0. Let p be 20 - 1/(j/8). Let h = p + -13. Calculate the remainder when h is divided by 2.
1
Let k(x) = 2*x**2 + 324*x + 968. What is the remainder when (-1)/(1/1)*-125 is divided by k(-3)?
13
Let k(c) = 3*c**2 - 74*c + 607. Calculate the remainder when k(8) is divided by 101.
5
Suppose -74*v + 62*v + 108 = 0. Calculate the remainder when 9 is divided by v.
0
What is the remainder when (5 + (-64)/12)*(12 - 1254) is divided by 202?
10
What is the remainder when ((0 + 26)/(-2))/(26/(-676)) is divided by 49?
44
Suppose -13 + 161 = 4*v. Suppose h + 4*d + 6 = 0, -4*h + 2*d = -0*d - 30. What is the remainder when v is divided by h/(-4)*(-80)/6?
17
Suppose 4*g + 4*a = -a + 897, 5*g - 1115 = -5*a. Calculate the remainder when g is divided by 22.
20
Let w(g) = 72*g**2 + 3*g + 1. Let b be w(-2). Let c = -200 + b. Suppose 0 = 35*d - 563 - 417. Calculate the remainder when c is divided by d.
27
Suppose -35*q + 369 = 5*a - 34*q, -a + 71 = 3*q. Calculate the remainder when 134 is divided by a.
60
Suppose -2*z + 778 + 958 = 3*q, 5*z + 4*q = 4354. Calculate the remainder when z is divided by 6.
4
Let l(s) = -12*s + 5. What is the remainder when 110 is divided by l(-2)?
23
Let s be (-10)/(-35) - (-1)/(21/540). Let m = s - 19. Calculate the remainder when 33 is divided by m.
5
Let p be 8/3*903/4. Suppose p - 90 = -4*i. What is the remainder when 60 is divided by (-6)/18 + i/(-6)?
18
Let m(z) = z**3 - 10*z**2 + 2. Let y = 55 + -45. Calculate the remainder when m(y) is divided by 2.
0
Let n be (-68)/(-51) + -2*(-4)/(-6). Suppose 2*f + n = 66. Calculate the remainder when f is divided by 17.
16
Let l(x) = 4*x**2 - 2*x + 9. Let m = 31 + -14. Calculate the remainder when l(4) is divided by m.
14
Calculate the remainder when (66 - (-4 - -9)) + 2 is divided by 26.
11
Suppose 4*u + 0*p + 2*p = -44, 5*u - 2*p = -55. Let n = u - -13. Suppose -n*d = -4*r - 38 + 12, 6 = -2*r. Calculate the remainder when d is divided by 4.
3
Let a(r) = -2*r + 25. Let k be a(-13). Let g = 77 - k. What is the remainder when 72 is divided by g?
20
Let g(l) = -239*l**2 - 5 + 470*l**2 - 229*l**2 + 8*l. What is the remainder when g(3) is divided by 24?
13
Let g = -2196 + 2237. Calculate the remainder when 133 is divided by g.
10
Let t be (-10 - -2)/(-2) + -1. Let o = 420 - 409. Suppose 4*y = t*y + o. Calculate the remainder when 32 is divided by y.
10
Suppose -4*b - 2904 = -2*z, 4*z - 5*b = 5202 + 621. Calculate the remainder when z is divided by 122.
120
Suppose -4*z + z = -15. Suppose 0 = -z*o + 2 + 83. Calculate the remainder when (-635)/254*(-248)/10 is divided by o.
11
Let p(l) = -l**3 - 12*l**2 - 15*l + 40. Calculate the remainder when 324 is divided by p(-11).
72
Suppose -6 = 3*b + p - 39, -3*b + 36 = 2*p. What is the remainder when 239 is divided by b?
9
Let v = -6 - -11. Suppose q + 5*d = 2*q + 21, v*q - 35 = -3*d. Suppose 60 = q*f - 0. What is the remainder when f is divided by 6?
3
Let n(k) = 2*k**2 + 10*k - 8. Let m be n(-6). Calculate the remainder when 62 is divided by 18 - (m - 7 - 1).
18
What is the remainder when 134 - (-1)/((-3)/(-9) + 0) is divided by 23?
22
What is the remainder when 151 is divided by 18424/980 - (0 - -1)/(-5)?
18
Let q = 15 - -51. Suppose -11*x + 4*r - 119 = -16*x, -5*r = 4*x - 97. What is the remainder when q is divided by x?
20
Suppose 0 = -7*m + 10*m - 3. Calculate the remainder when (-14)/42*(-326 - m) is divided by (-16)/(-4)*(2 + 2).
13
Suppose -8*s + 725 + 651 = 0. Suppose 5*w - s = 393. Calculate the remainder when w is divided by 20.
13
Suppose w + 23 - 26 = 0. Calculate the remainder when w/(-4) - (-306)/24 is divided by ((-21)/(-9))/(2/6).
5
Suppose 4*h + 179 - 1011 = 0. Suppose -182 = -4*j - 2*l, 0*l = 5*j - 4*l - h. Let o = -56 + 71. Calculate the remainder when j is divided by o.
14
Let m(s) = s - 5. Let w be m(6). Let p be 3/(-2)*72/(-54). Suppose p*y + w = 39. Calculate the remainder when 74 is divided b